 c = -y - 2*y + 72. Does 8 divide y?
True
Suppose 66*m - 210823 = -6355. Does 56 divide m?
False
Suppose -2*b - 37*b = -13767. Is b a multiple of 13?
False
Let m(g) = g + 67. Is 4 a factor of m(15)?
False
Suppose 5*w = -v + 5 + 19, -w + 8 = -3*v. Suppose -4*g = b - 40, 4*b = -0*b - w*g + 193. Is 8 a factor of b/6 - (-6)/(-9)?
True
Let r be (-324)/2*15/(-2). Suppose -14*w - r = -23*w. Is w a multiple of 27?
True
Let n(c) = 52*c**2 - 59*c - 378. Is n(-10) a multiple of 11?
True
Suppose -7*h + 130 = -2*h. Suppose h - 7 = c. Is c a multiple of 5?
False
Suppose i + 3*l + 0 = 503, -2*i - 3*l + 1015 = 0. Is 41 a factor of i?
False
Suppose -3*g + 19 = -2*g + 4*w, 0 = -3*g + 2*w + 1. Let s be -6 + 5 + g*2. Suppose -x + 13 = 3*x - s*m, 5*m = -5*x + 5. Is x a multiple of 2?
True
Let h = -618 - -1472. Is 14 a factor of h?
True
Let m be 930/21 - (-6)/(-21). Suppose -11*k = -7*k - m. Does 8 divide k?
False
Let c(v) = -15*v - 27. Let r be c(-11). Suppose -5*f + 7*f = r. Is 23 a factor of f?
True
Let l(u) = -u**3 + 15*u**2 - 18*u + 40. Does 9 divide l(12)?
False
Suppose -q - 32 = -185. Does 9 divide q?
True
Let k(a) = -a**2 - a - 723. Let z(w) = -w**2 - 362. Let s(q) = -3*k(q) + 5*z(q). Does 20 divide s(0)?
False
Let x = -86 - -145. Let y be 1/(15/(-18) + 1). Suppose y = -d + x. Is 27 a factor of d?
False
Let n(y) = -y**3 + 12*y**2 - y + 13. Let o be n(12). Suppose 3 = f - 9. Does 4 divide ((-7)/(-21))/(o/f)?
True
Let f = 428 - 248. Suppose 7*i - f = 3*i. Does 15 divide i?
True
Suppose 2*w - 4*r - 40 = 0, -10 + 2 = 2*r. Suppose -32 = 10*g - w*g. Suppose -3*v + 103 = g. Does 10 divide v?
False
Suppose -k - 2*k + 72 = 0. Let x = k + -3. Does 21 divide x?
True
Let c = 0 - -5. Suppose 2*g - 57 = -c*z, -g + 2*z - 48 = -3*g. Does 3 divide g?
True
Let b(t) = t**2 + t + 2. Let j(q) = -q**2 + 15. Let y be j(-4). Is b(y) even?
True
Does 16 divide 1 + 0/(20/(-4)) - -1047?
False
Let t(v) = -v - 10. Let r be t(-7). Let m be (0 - -1 - r) + -1. Suppose -332 = -k - m*k. Is 12 a factor of k?
False
Let n be ((-561)/(-85))/((-2)/(-20)). Is n/4*(-48)/(-9) a multiple of 22?
True
Suppose -12 = 2*r + 2*r, 2*r = 3*a - 66. Is 30 a factor of ((16/a)/2)/((-4)/(-600))?
True
Suppose -2*j - 5*q = 2*j - 3490, 2*j - 5*q = 1760. Does 15 divide j?
False
Let t(x) = x**2 - 3*x - 6. Let c be t(7). Let q be 11/(c/120) + -3. Let a = q + -31. Is 13 a factor of a?
True
Let h = 38 - 34. Suppose 7*v - 12 = h*v. Is v a multiple of 3?
False
Let d = 28 + -385. Let o = -233 - d. Let q = o + -72. Is 25 a factor of q?
False
Let g(v) = v**3 - 8*v**2 + 9*v - 5. Let z(h) = h**3 + 7. Let i be z(0). Let m be g(i). Suppose 4*t - m*t = -120. Is 12 a factor of t?
True
Let q be (-1 - 0) + 2 + -7. Let b be 1 - (q/(-2) + -2). Suppose 3*w - w - 10 = b. Is w even?
False
Is (1824/16)/(-19) + 18*36 a multiple of 17?
False
Let n(c) = c**3 - 3*c**2 + 3*c + 3. Let z(r) = 2*r**3 - 2*r**2 + 2*r + 4. Let v(u) = 3*n(u) - 2*z(u). Is v(-6) a multiple of 3?
False
Let w(t) = -3*t - 9 + 10*t - 4*t. Let c be w(9). Is 18/81 + 302/c a multiple of 3?
False
Let o(j) be the first derivative of 3*j**2 - 55*j - 6. Does 5 divide o(10)?
True
Suppose -p = -2*p + 5. Suppose -p*t + 79 + 6 = 0. Is t + (-5 + 4 - 0) a multiple of 7?
False
Suppose v - 14 = -7. Let z(c) = -c**3 + 8*c**2 - 6*c + 8. Let t be z(v). Let o = t - -25. Is 10 a factor of o?
True
Let n be 11 - (4 - 0 - 2). Let l be (-2)/(-4) + n/6. Suppose 5*s - 202 = 2*g, -s + 158 = 3*s + l*g. Does 12 divide s?
False
Suppose 2*l + 3*s = 12, 0 = -l - l + 5*s - 4. Suppose 31 = -2*u + l*u. Is u a multiple of 11?
False
Let g = -484 + 846. Does 13 divide g?
False
Does 13 divide 1 + 1 + 2954 - (-109 - -106)?
False
Let s(d) = 2*d - 35. Let v be s(0). Let n = 31 + v. Is (n - -1) + 11 - 1 even?
False
Let r = -3 + 2. Let u(i) = -i**3 - 2*i**2 + i + 1. Let h(w) = -46*w**3 - 14*w**2 + 6*w + 7. Let o(g) = h(g) - 6*u(g). Is 13 a factor of o(r)?
True
Let h = -407 + 755. Let v = h + -167. Does 65 divide v?
False
Suppose 5*x - 195 = -0*x + 3*o, o = 2*x - 77. Suppose 0 = -u - 0*u + x. Let g = 153 - u. Does 27 divide g?
False
Let b(u) = -u**3 - 2*u**2 + u - 3. Let t be b(-3). Suppose 6 = 2*w - m, -t*w + 8*w + 4*m = 2. Suppose 0 = -w*l - l + 51. Is l a multiple of 8?
False
Let w(z) = -z**2 - 11*z + 13. Let c(g) = 2*g**2 + 12*g - 14. Let r(d) = 2*c(d) + 3*w(d). Let v be r(8). Suppose v*o = 4*o - 11. Does 9 divide o?
False
Suppose 0 = 3*u + 2*s - 2734, 2*u - 240 = -5*s + 1590. Is 35 a factor of u?
True
Let v(x) = 359*x**2 - 56*x - 56. Does 8 divide v(-1)?
False
Let s be 10/(-35) + (-46)/(-14). Suppose -6*g = -s*g - 57. Does 10 divide g?
False
Is 1120/96*(-6)/(-2*1) a multiple of 27?
False
Suppose 17*g - 85 = 68. Let l(j) be the third derivative of j**4/8 - 3*j**3/2 + j**2. Does 6 divide l(g)?
True
Let a = -3 - -14. Let c = 62 - 39. Let u = c - a. Is u a multiple of 4?
True
Suppose 0*f = -4*o - 2*f + 374, -3 = -f. Suppose 0 = 7*t - 8*t + o. Does 23 divide t?
True
Let x = 69 - 66. Suppose 5*t = 2*t + p + 109, -x*p = 2*t - 80. Is t a multiple of 17?
False
Let k = -10 - -53. Let b = k + -34. Is 2 a factor of b?
False
Suppose 4*m = -122 + 2. Let u = 277 - 230. Let w = m + u. Is 10 a factor of w?
False
Let u(o) = -4*o - 4. Let f be (-3)/(-9) + (-104)/(-12). Suppose 5*a - 48 = f*a. Is 7 a factor of u(a)?
False
Let b(s) = 10*s + 2. Suppose 4*r + z = 13, 3*r = 3*z - 0 - 9. Does 11 divide b(r)?
True
Let o(u) = -u + 5. Let g be o(5). Suppose 4*n + g*n = -8. Is ((-8)/6)/(n/3) a multiple of 2?
True
Let z be (5/(-10))/(1/(-8)). Suppose -z*k = -160 + 20. Is 24 a factor of k?
False
Let f(z) = 6*z**3 + 5*z**2 - 11*z - 12. Let j = 6 + 3. Let k be f(j). Does 11 divide 8/(-14) + k/84?
True
Let g = 6 - 5. Let j be 0*1/2*g. Suppose 2*y = j, 2*l = -0*l - 5*y + 158. Does 17 divide l?
False
Is 12 a factor of 408 - ((0/1)/1)/2?
True
Let p = 13 - 1. Let v(x) = x**2 + 10*x + 4. Let h be v(-6). Let w = p - h. Is 16 a factor of w?
True
Let s = -257 - -734. Is 9 a factor of s?
True
Suppose 3*n + 4*i - 1255 = 0, 36*n - 35*n = i + 430. Is 17 a factor of n?
True
Suppose 0 = -7*c - 19 + 82. Let o = -6 + c. Suppose o*h = -2*h + 160. Is h a multiple of 16?
True
Let c(f) = -f**2 + 15. Let s be c(0). Suppose k + 4*k = s. Is (3 + -1)*2 + k a multiple of 2?
False
Let n(g) = -2*g + 132. Is 42 a factor of n(-60)?
True
Suppose 0 = 3*j - 2*v - 6404, 4266 = 2*j - 9*v + 7*v. Does 16 divide j?
False
Let d(r) = -r**2 - 6*r + 4. Let k be (-114)/22 + 14/77. Let q be d(k). Is 26 a factor of (24/q)/(-2)*-39?
True
Let x(m) = 213*m**2 - 31*m - 66. Is x(-2) a multiple of 4?
True
Let r(x) = 4*x + 42. Let z be r(-9). Suppose a = 2*k + 144, -4*k - z = -k. Does 35 divide a?
True
Let v(y) = y + 5. Let s be 3/(1 + 0/(-1)). Let q be v(s). Is 13 a factor of (46/q)/(2/16)?
False
Suppose 19*n = f + 14*n - 138, 3*n = -4*f + 483. Is 29 a factor of f?
False
Let o(r) = -4*r + 28. Let g be o(6). Suppose -3*z = h + 2 + 1, 4*z + 11 = h. Suppose -h*d = 2*s - 0*d - 130, -g*d - 280 = -4*s. Is s a multiple of 17?
True
Suppose 352 = 3*n + 4*x, 5*x + 250 = 2*n - 0*n. Suppose 0 = -6*z + 11*z - n. Is 6 a factor of z?
True
Let r = 1787 + -1763. Is 4 a factor of r?
True
Let r be 218 + (8/10)/((-22)/55). Suppose 0 = -6*d + r + 96. Is d a multiple of 9?
False
Let u(i) = -i + 1. Let r be 20/2*16/(-8) - 1. Does 8 divide u(r)?
False
Let x be (6/(-4))/((-3)/6). Suppose h + x*h = 0. Suppose h*s - 3*s = -15. Is s a multiple of 3?
False
Suppose 137*g - 130*g - 3360 = 0. Is g a multiple of 48?
True
Let w(c) = c**2 + 1. Let a(r) = -6*r**2 + 2*r + 5. Let h(p) = -a(p) - 4*w(p). Let k be h(-5). Let i = 75 - k. Does 14 divide i?
False
Let o(j) = -j - 9. Let y(g) = -g - 9. Let h(l) = -6*o(l) + 5*y(l). Let f be h(-7). Suppose 3*a = i + 226, -i = f*i - 6. Does 20 divide a?
False
Let w(q) = -2*q - 12. Let y(g) = 5*g + 24. Let z(m) = -7*w(m) - 3*y(m). Is z(5) a multiple of 2?
False
Let u = -313 + 501. Let w = 416 - u. Is 14 a factor of w?
False
Suppose -6*f + f + 62 = -3*h, 0 = f - 3*h - 22. Let r(d) = 4*d - 16. Is r(f) a multiple of 6?
True
Suppose 27 = z - 16. Suppose 3*p - 6*p - 3*h = -51, -5*h + z = 3*p. Is 21 a factor of p?
True
Let a = 11 - 55. Let n = a + 25. Let k = n + 30. Is 11 a factor of k?
True
Let c(a) be the third derivative of 1/6*a**4 - 1/6*a**3 + 0 - 3*a**2 + 1/60*a**5 + 0*a. Is c(-6) a multi